*t + 8. Let y be w(-6). Let i = y + l. What is the units digit of i?
2
Let r be 36/14 + -3 + 9837/21. Suppose -7*w - r = -9*w. What is the units digit of w?
4
Let v = 194 - 127. Suppose v*f - 77*f = -7250. What is the tens digit of f?
2
Let l(v) = -v**3 - 1. Let g be l(1). Let b be 38*((-6)/(-9))/(4/(-12)). What is the units digit of g/1 + (14 - b)?
8
Let h(g) = -g**3 + 10*g**2 - 13*g + 1. Let m be h(8). Let k = 34 - m. What is the tens digit of (-2)/k + 10832/144?
7
Let f(m) = m**2 + 1 - 48*m**3 + 2*m**2 - 4*m**2. Let b(q) = 27*q + 404. Let l be b(-15). What is the units digit of f(l)?
8
Let o = 765 - 515. Suppose d - o - 134 = 0. What is the units digit of d?
4
Let g(p) = 2598*p + 214. What is the hundreds digit of g(3)?
0
What is the hundreds digit of 1*-4*136224/(-99)?
5
Let r be -98*(-2 + 0 + 0). Let w(z) = -z**3 + 9*z**2 - 17*z + 16. Let v be w(7). Let n = r + v. What is the hundreds digit of n?
1
Let f(l) = 2*l**2 + 3*l + 10*l**2 - 10*l**2 + 2 + 6*l**2. Let n be f(-1). Let q(b) = 25*b - 31. What is the hundreds digit of q(n)?
1
Let s = -913 + 287. Let p = -368 - s. What is the hundreds digit of p?
2
Let z(m) be the first derivative of m**4/4 - 8*m**3/3 - 7*m**2 + 15*m - 96. What is the tens digit of z(12)?
2
Let m = 17041 + 6349. What is the tens digit of m?
9
Let r = -14640 - -29897. What is the thousands digit of r?
5
Let j(u) = -u**2 + 5*u + 54. Let d be j(-5). Suppose 641 = d*r - 1095. What is the units digit of r?
4
Suppose -6*a - 112 = -1318. Let w = 457 + a. What is the units digit of w?
8
Suppose -j + 15562 = -k, -514*j - 15570 = -515*j + 3*k. What is the hundreds digit of j?
5
Suppose 5*x - o = 1418, -3*x - o - 219 + 1073 = 0. Suppose 8*c = 2627 - 2403. Let v = x - c. What is the tens digit of v?
5
Suppose 3*n = -3*l + 2*n + 11, -4*l + 12 = 4*n. Suppose 5*q + i - 1 = -l, -2*q = 3*i + 9. Suppose 5*s - 356 - 344 = q. What is the tens digit of s?
4
Let x(j) = -j**3 + 12*j**2 - 11*j + 4. Let t be x(11). Suppose 2*p - 11438 = -h, p + t*h = 3560 + 2152. What is the tens digit of p/30 + (-2)/3?
9
Let p(c) = 2*c + 5. Let d be p(8). Suppose -5*u + 16*a = d*a - 1655, -3*a + 1319 = 4*u. What is the tens digit of u?
2
Suppose -3*p = 5*d + 22, 4*p = -2*d - 22 - 12. Let z(c) = -70*c + 55. What is the hundreds digit of z(p)?
6
Suppose 22*i + 101 = 21*i. Let a = -96 - i. Suppose -249 - 406 = -a*w. What is the units digit of w?
1
Let a = -13750 + 25892. What is the hundreds digit of a?
1
Let z(s) = 5*s**2 + 6*s + 27. Let j(m) = m**3 + 10*m**2 + 10*m + 18. Let x be j(-9). What is the units digit of z(x)?
6
Let h(i) = -2*i - 1. Let v be h(3). Suppose 0 = 3*s + 8*s - 308. Let m = s + v. What is the units digit of m?
1
Let x = -116 - -149. Let b = x + 120. What is the units digit of b?
3
Let k(g) = -126*g + 554. What is the tens digit of k(-21)?
0
Suppose 2*i + 824 = 2*d + 5*i, 0 = 2*i. What is the units digit of d?
2
Suppose 0 = -5*s - 4*o - 5302, -5*s + 70 - 5369 = 3*o. Let i = -98 - s. What is the tens digit of i?
6
Let q be ((-8)/68 - 345/102)*2. Let l(a) = -82*a - 6. What is the hundreds digit of l(q)?
5
Let o(a) = 2*a**2 - 3*a + 4. Let f be o(-3). Let s = f - -16. What is the units digit of s?
7
Suppose -31*v + 666322 + 68161 = 0. What is the units digit of v?
3
Let k(z) = -z**3 + 12*z**2 + 11*z + 31. Let r be k(13). What is the tens digit of (-4 + r)*(370 + 3)?
7
What is the thousands digit of (27/((-108)/737728) - -12)*4/(-10)?
3
Let q be (-5)/10*8 + 2/2. Let o = 14 + q. Suppose o*z - 13*z + 450 = 0. What is the tens digit of z?
2
Suppose -14*j = -15*j - 1. What is the hundreds digit of (-81)/135 + (-9116)/(-10) + j?
9
Suppose -25*i = -21*i - 3*z - 100548, 4*i + 5*z = 100580. What is the ten thousands digit of i?
2
Let x be (-780)/8 + (3/(-2) - -3). Let m = 249 + x. What is the units digit of m?
3
Let u(s) = 8*s + 15. Suppose 25 = q - 5*x, -2*q + 5*x + 36 = -34. Suppose 5*j - q = -0*j. What is the tens digit of u(j)?
8
Suppose -46*u = -53*u - 19810. Let z = -1574 - u. What is the units digit of z?
6
Let x = 11 - -31. Suppose x*y - 1466 = 40*y. What is the units digit of y?
3
Let p(n) = 40*n + 7. Let h(g) be the first derivative of 41*g**2/2 + 8*g + 13. Let f(a) = -4*h(a) + 5*p(a). What is the tens digit of f(3)?
1
Let p(r) = -r**2 - 6*r - 1. Let t be p(-4). Let h(g) = -40*g + 526. Let f be h(13). Suppose -f*v + t = 1. What is the units digit of v?
1
Let s = 70 + -47. Suppose -s*g + 19*g = -3444. What is the hundreds digit of g?
8
Let b be (-26)/(-65) - 114/(-15). Suppose -16 = 2*d - x - 41, d = 2*x + b. Suppose 10*c = d*c - 280. What is the tens digit of c?
7
Let s be (-1)/(-7) - (-40)/14 - 1. Suppose 0*c - 8 = -x + s*c, -x - 2*c = -12. What is the units digit of (30/4 - -3)*x?
5
Let a be 10 - ((-36)/6 - -2). Suppose -a*p = -17*p + 222. Suppose -p = -z + 121. What is the tens digit of z?
9
Suppose 36*d + 56 = 50*d. Suppose -d*m + 762 = 2*m. What is the units digit of m?
7
Suppose 0*v - 60 = 3*v. Let y be 1134/(-45)*(20/6)/(-2). Let m = y + v. What is the units digit of m?
2
Suppose 1305*z + 313515 = 1338*z - 467232. What is the ten thousands digit of z?
2
Suppose -133*g + 140*g + 133 = 0. Let f(m) = m**3 + 21*m**2 + 17*m + 19. What is the units digit of f(g)?
8
Suppose 10*r + 7 = 57. Suppose -r*t - t = -12. What is the tens digit of 8/t + (-140)/(-2)?
7
Let f = 271 + 636. Suppose 0*g + 4*g + 5*x - 931 = 0, -4*g + 3*x = -f. What is the units digit of g?
9
Suppose 0 = -5*m - 662 - 538. Let v = -82 - m. What is the tens digit of ((-4)/((-16)/v))/((-3)/(-6))?
7
Suppose 0 = -3*h - k + 25, 14*k + 35 = 2*h + 11*k. Suppose -h*c + 288 = 6*c. What is the units digit of c?
8
Let k(x) be the first derivative of 3*x**4/4 - 46*x**3/3 - 4*x**2 + 14*x + 18. What is the units digit of k(16)?
8
Let z be 4*78/72*171. Suppose -2*l + 3*n = -293, 0*l + z = 5*l + n. What is the tens digit of l?
4
Let w = 449 + -445. Suppose -4*y - 6*q = -2900, q - 6 = w*q. What is the hundreds digit of y?
7
Let s = 5107 - -1372. What is the thousands digit of s?
6
Suppose 0 = 742*c - 757*c + 161085. What is the thousands digit of c?
0
Let q(v) = -7*v - 38. Let o be q(-7). Suppose n - 2*i - 165 = 0, n - 157 = i + o. What is the hundreds digit of n?
1
Let g = -10499 - -20529. What is the hundreds digit of g?
0
Let h = -301 - -3504. What is the thousands digit of h?
3
Let k = -204 - -305. What is the hundreds digit of (k*2)/(3/9*6)?
1
Let k be 4/(-1 + (-545)/(-535)). Let j = k + 87. What is the hundreds digit of j?
3
Let w = 76876 - 44630. What is the units digit of w?
6
Let l(n) = -n**3 + 8*n**2 - 4*n + 7. Suppose 25 = 4*w - 0*w - g, 12 = 4*g. Let j(m) = m**2 - 9*m + 21. Let v be j(w). What is the units digit of l(v)?
8
Let k = -72 + 70. Let y = k + 2. Suppose -5*z + 887 = b, y*z + 166 = z + 4*b. What is the tens digit of z?
7
Let c be -2 + -2*548/(-8). Suppose -3*f = -0*f - c. Let q = 3 + f. What is the units digit of q?
8
Let o = -11269 - -26022. What is the ten thousands digit of o?
1
Suppose 0 = -48*d + 84*d + 756. Let n(u) = -u**3 + 8*u**2 - 5*u - 2. Let i be n(5). Let w = d + i. What is the units digit of w?
7
Let d(i) = 424*i**3 - 9*i**2 + 36*i - 42. What is the tens digit of d(3)?
3
What is the tens digit of (20 + -1 + -24)*(-13814)/5?
1
Suppose 2*h - 283440 = -2*h + 3*n, -4*h - 2*n = -283460. What is the units digit of h/91 - (-4)/14?
9
Let a(i) = 2553*i**2 - 22*i + 4. What is the units digit of a(-2)?
0
Suppose 46*a = 17884 - 4774. Suppose 0 = -4*s - 29 + 1. What is the tens digit of a/(s + 2)*14/(-6)?
3
Suppose -19*z + 16*z = 5*d - 32625, -6513 = -d - 3*z. What is the tens digit of d?
2
Let z(x) = 6676*x**2 - 638*x - 637. What is the tens digit of z(-1)?
7
Suppose -9*r + 6*r = 6, -5*l + 3*r = -2036. What is the units digit of (-8 - -4)/(-4)*l?
6
Let t(w) be the second derivative of -w**5/20 + w**4/2 + 5*w**3/3 - w**2 - 2*w - 1. What is the tens digit of t(-3)?
4
Suppose -759*s = -788*s + 18212. What is the units digit of s?
8
Let t = 1433 - 31. What is the tens digit of t?
0
Let f = 78 - 11. Suppose f*d = 60*d + 3815. What is the tens digit of d?
4
Let h be 6/(-51) + 468/221. Let s(m) = 29*m**3 - m**2 + 4*m - 4. What is the tens digit of s(h)?
3
Suppose 5*k = -p + 150471, -60194 = -2*k + 149*p - 148*p. What is the hundreds digit of k?
0
Suppose 57*c + 160875 = 62696